re the prime factors of 6546900?
2, 3, 5, 139, 157
What are the prime factors of 177681?
3, 7, 8461
What are the prime factors of 8247924?
2, 3, 17, 13477
List the prime factors of 493212.
2, 3, 23, 1787
List the prime factors of 4012879.
13, 23, 13421
List the prime factors of 35686570.
2, 5, 17, 23, 9127
List the prime factors of 1405233.
3, 193, 809
What are the prime factors of 67116?
2, 3, 7, 17, 47
List the prime factors of 617166.
2, 3, 11, 1039
What are the prime factors of 471870?
2, 3, 5, 7, 107
What are the prime factors of 2164055?
5, 443, 977
What are the prime factors of 599995?
5, 11, 10909
List the prime factors of 1583353.
1583353
What are the prime factors of 2913888?
2, 3, 127, 239
What are the prime factors of 301137?
3, 100379
What are the prime factors of 824266?
2, 412133
What are the prime factors of 7605527?
7605527
What are the prime factors of 3449062?
2, 17, 61, 1663
List the prime factors of 1443711.
3, 151, 3187
List the prime factors of 1270611.
3, 141179
What are the prime factors of 21108228?
2, 3, 83, 21193
What are the prime factors of 527130?
2, 3, 5, 5857
What are the prime factors of 108395?
5, 7, 19, 163
List the prime factors of 4264551.
3, 473839
What are the prime factors of 9186700?
2, 5, 91867
List the prime factors of 545175.
3, 5, 2423
List the prime factors of 4859051.
173, 28087
What are the prime factors of 251213?
229, 1097
List the prime factors of 671792.
2, 11, 347
List the prime factors of 3349555.
5, 11, 60901
List the prime factors of 1386770.
2, 5, 7, 11, 1801
What are the prime factors of 174686?
2, 19, 4597
What are the prime factors of 21707810?
2, 5, 17, 149, 857
List the prime factors of 6465532.
2, 317, 5099
List the prime factors of 37395223.
17, 2199719
What are the prime factors of 179870?
2, 5, 17987
What are the prime factors of 940033?
23, 1777
What are the prime factors of 13595426?
2, 13, 79, 6619
List the prime factors of 512256.
2, 3, 23, 29
What are the prime factors of 237165?
3, 5, 97, 163
List the prime factors of 94639.
17, 19, 293
List the prime factors of 379343.
379343
List the prime factors of 10639916.
2, 7, 379997
List the prime factors of 488065.
5, 97613
What are the prime factors of 4479594?
2, 3, 7, 106657
List the prime factors of 20347.
20347
List the prime factors of 4285101.
3, 829, 1723
List the prime factors of 312921.
3, 7, 4967
What are the prime factors of 15723336?
2, 3, 19, 29, 41
What are the prime factors of 1775017?
1775017
What are the prime factors of 18075549?
3, 823, 7321
List the prime factors of 16876222.
2, 11, 767101
List the prime factors of 10217826.
2, 3, 63073
List the prime factors of 8449716.
2, 3, 11, 64013
What are the prime factors of 187320?
2, 3, 5, 7, 223
List the prime factors of 8355723.
3, 2785241
What are the prime factors of 2028826?
2, 31, 43, 761
List the prime factors of 1381481.
383, 3607
List the prime factors of 35590352.
2, 7, 317771
List the prime factors of 642536.
2, 80317
What are the prime factors of 20392773?
3, 6797591
What are the prime factors of 14138487?
3, 11, 12983
List the prime factors of 238932.
2, 3, 6637
List the prime factors of 44158.
2, 22079
What are the prime factors of 9664071?
3, 23, 227, 617
List the prime factors of 23435.
5, 43, 109
List the prime factors of 302474.
2, 151237
What are the prime factors of 1874308?
2, 468577
List the prime factors of 1640668.
2, 53, 71, 109
What are the prime factors of 2695834?
2, 19, 61, 1163
What are the prime factors of 6466076?
2, 1616519
What are the prime factors of 12642203?
7, 17, 23, 31, 149
What are the prime factors of 2425254?
2, 3, 13, 17, 31, 59
What are the prime factors of 5292968?
2, 661621
What are the prime factors of 809600?
2, 5, 11, 23
What are the prime factors of 6298674?
2, 3, 109, 9631
List the prime factors of 15636403.
379, 41257
List the prime factors of 10958.
2, 5479
List the prime factors of 236725.
5, 17, 557
List the prime factors of 3985564.
2, 11, 239, 379
What are the prime factors of 850269?
3, 7, 19, 2131
What are the prime factors of 8211999?
3, 2737333
List the prime factors of 31277.
31277
What are the prime factors of 1563423?
3, 31, 16811
What are the prime factors of 5522744?
2, 137, 5039
List the prime factors of 348861.
3, 103, 1129
What are the prime factors of 2656246?
2, 239, 5557
What are the prime factors of 1471982?
2, 29, 41, 619
What are the prime factors of 14594196?
2, 3, 41, 29663
List the prime factors of 5055005.
5, 1011001
List the prime factors of 16515513.
3, 7, 262151
What are the prime factors of 6087946?
2, 3043973
What are the prime factors of 329231?
7, 6719
What are the prime factors of 3498935?
5, 11, 63617
What are the prime factors of 17616?
2, 3, 367
What are the prime factors of 237344?
2, 7417
What are the prime factors of 174593?
23, 7591
What are the prime factors of 1163281?
7, 166183
List the prime factors of 7409166.
2, 3, 109, 11329
List the prime factors of 3776476.
2, 11, 85829
What are the prime factors of 948543?
3, 23, 59, 233
List the prime factors of 741734.
2, 7, 52981
What are the prime factors of 767221?
7, 13, 8431
List the prime factors of 22956513.
3, 7652171
What are the prime factors of 1460233?
1460233
List the prime factors of 195106.
2, 97553
List the prime factors of 445089.
3, 89, 1667
What are the prime factors of 120206?
2, 60103
What are the prime factors of 2972954?
2, 769, 1933
List the prime factors of 2913652.
2, 7, 104059
List the prime factors of 731264.
2, 29, 197
List the prime factors of 50815.
5, 10163
What are the prime factors of 368001?
3, 31, 1319
What are the prime factors of 1252701?
3, 181, 769
List the prime factors of 648196.
2, 347, 467
List the prime factors of 19399273.
31, 41, 15263
What are the prime factors of 20222768?
2, 181, 6983
What are the prime factors of 318495?
3, 5, 17, 1249
What are the prime factors of 450659?
11, 53, 773
What are the prime factors of 367941?
3, 7, 2503
List the prime factors of 356589.
3, 47, 281
What are the prime factors of 252953?
443, 571
List the prime factors of 8485128.
2, 3, 163, 241
List the prime factors of 2962.
2, 1481
List the prime factors of 1776866.
2, 7, 13, 751
What are the prime factors of 6439114?
2, 11, 487, 601
What are the prime factors of 505434?
2, 3, 84239
List the prime factors of 2032350.
2, 3, 5, 17, 797
What are the prime factors of 3578312?
2, 433, 1033
What are the prime factors of 150755?
5, 11, 2741
What are the prime factors of 10588562?
2, 5294281
What are the prime factors of 222811?
181, 1231
List the prime factors of 62666.
2, 31333
List the prime factors of 930706.
2, 7, 9497
List the prime factors of 25966054.
2, 769, 16883
What are the prime factors of 649396?
2, 11, 14759
List the prime factors of 428171.
103, 4157
What are the prime factors of 797500?
2, 5, 11, 29
List the prime factors of 3909730.
2, 5, 11, 35543
What are the prime factors of 67276?
2, 11, 139
List the prime factors of 4377684.
2, 3, 601, 607
What are the prime factors of 4363915?
5, 787, 1109
What are the prime factors of 4503637?
4503637
List the prime factors of 8419918.
2, 13, 29, 859
What are the prime factors of 383811?
3, 31, 4127
List the prime factors of 12131796.
2, 3, 1010983
What are the prime factors of 476377?
11, 31, 127
What are the prime factors of 217559?
217559
What are the prime factors of 4911482?
2, 2455741
List the prime factors of 7873019.
7, 11, 59, 1733
What are the prime factors of 19127256?
2, 3, 796969
List the prime factors of 5179.
5179
List the prime factors of 1334027.
859, 1553
List the prime factors of 163640.
2, 5, 4091
List the prime factors of 7170218.
2, 11, 29629
What are the prime factors of 1059632?
2, 7, 9461
What are the prime factors of 206600?
2, 5, 1033
List the prime factors of 911439.
3, 33757
List the prime factors of 973510.
2, 5, 67, 1453
List the prime factors of 1346897.
1129, 1193
List the prime factors of 29680351.
17, 41, 97, 439
List the prime factors of 426557.
179, 2383
List the prime factors of 732824.
2, 47, 1949
What are the prime factors of 11767467?
3, 23, 199, 857
List the prime factors of 877000.
2, 5, 877
What are the prime factors of 15125336?
2, 43, 43969
List the prime factors of 59569.
71, 839
List the prime 